{"id":5161,"date":"2018-09-27T11:38:52","date_gmt":"2018-09-27T09:38:52","guid":{"rendered":"http:\/\/www.leasia.fr\/?page_id=5161"},"modified":"2021-01-29T09:47:58","modified_gmt":"2021-01-29T08:47:58","slug":"5059-2","status":"publish","type":"page","link":"https:\/\/leasia.fr\/?page_id=5161","title":{"rendered":"Le leasing"},"content":{"rendered":"\t\t<div data-elementor-type=\"wp-post\" data-elementor-id=\"5161\" class=\"elementor elementor-5161 elementor-bc-flex-widget\" data-elementor-post-type=\"page\">\n\t\t\t\t\t\t<section class=\"elementor-section elementor-top-section elementor-element elementor-element-30ab4630 elementor-section-boxed elementor-section-height-default elementor-section-height-default\" data-id=\"30ab4630\" data-element_type=\"section\" data-e-type=\"section\">\n\t\t\t\t\t\t<div class=\"elementor-container elementor-column-gap-default\">\n\t\t\t\t\t<div class=\"elementor-column elementor-col-100 elementor-top-column elementor-element elementor-element-69f7a39e\" data-id=\"69f7a39e\" data-element_type=\"column\" data-e-type=\"column\">\n\t\t\t<div class=\"elementor-widget-wrap elementor-element-populated\">\n\t\t\t\t\t\t<div class=\"elementor-element elementor-element-127f9bb5 elementor-widget elementor-widget-text-editor\" data-id=\"127f9bb5\" data-element_type=\"widget\" data-e-type=\"widget\" data-widget_type=\"text-editor.default\">\n\t\t\t\t<div class=\"elementor-widget-container\">\n\t\t\t\t\t\t\t\t\t<p style=\"text-align: justify;\">[vc_row][vc_column width=\u00a0\u00bb1\/6&Prime;][\/vc_column][vc_column width=\u00a0\u00bb2\/3&Prime;][vc_column_text]<\/p><h1 style=\"text-align: center;\"><span style=\"font-family: georgia, palatino, serif;\"><strong><span style=\"font-size: 24pt;\">Le leasing<\/span><\/strong><\/span><\/h1><p><span style=\"font-size: 18pt; font-family: georgia, palatino, serif;\">[vc_separator color=\u00a0\u00bborange\u00a0\u00bb style=\u00a0\u00bbshadow\u00a0\u00bb el_width=\u00a0\u00bb40&Prime;][vc_empty_space][\/vc_column][vc_column width=\u00a0\u00bb1\/6&Prime;][\/vc_column][\/vc_row][vc_row][vc_column width=\u00a0\u00bb1\/6&Prime;][\/vc_column][vc_column width=\u00a0\u00bb2\/3&Prime;][vc_column_text]<\/span><\/p><h2 style=\"text-align: justify;\"><span style=\"font-size: 18pt; font-family: georgia, palatino, serif;\"><b>D\u00e9finition<\/b><\/span><\/h2><p style=\"text-align: justify;\"><span style=\"font-size: 18pt; font-family: georgia, palatino, serif;\">Le leasing est un contrat de location \u00e0 dur\u00e9e d\u00e9termin\u00e9e, qui permet \u00e0 une entreprise l\u2019utilisation du\/des mat\u00e9riels pendant une p\u00e9riode d\u00e9finie.<\/span><\/p><h2 style=\"text-align: justify;\"><span style=\"font-size: 18pt; font-family: georgia, palatino, serif;\">[\/vc_column_text][vc_empty_space]<\/span><\/h2><h2 style=\"text-align: justify;\"><span style=\"font-size: 18pt; font-family: georgia, palatino, serif;\"><b>Le leasing, en d\u00e9tail\u00a0<\/b><\/span><\/h2><p style=\"text-align: justify;\"><span style=\"font-size: 18pt; font-family: georgia, palatino, serif;\">C\u2019est actuellement la technique de financement la plus pris\u00e9e. Il s\u2019agit d\u2019une forme de location \u00e0 moyen ou long terme par laquelle\u00a0<strong>la soci\u00e9t\u00e9 de leasing acquiert le bien d\u2019investissement sur la demande du preneur, en lui conf\u00e9rant le droit de l\u2019utiliser pendant une p\u00e9riode d\u00e9termin\u00e9e, moyennant le paiement de loyer.<\/strong><\/span><\/p><h2>\u00a0<\/h2><h2 style=\"text-align: justify;\"><span style=\"font-size: 18pt; font-family: georgia, palatino, serif;\"><b>Int\u00e9r\u00eat du leasing ?<\/b><\/span><\/h2><p style=\"text-align: justify;\"><span style=\"font-size: 18pt; font-family: georgia, palatino, serif;\">Pour pr\u00e9server votre fonds de roulement\u00a0: optez pour une solution de\u00a0financement en leasing pour vos \u00e9quipements professionnels (informatique, garage, CHR, \u2026)<\/span><\/p><p style=\"text-align: justify;\"><span style=\"font-size: 18pt; font-family: georgia, palatino, serif;\">Chez LEASIA, nous vous proposons une offre sur-mesure\u00a0: rachat de votre parc, \u00e9chelonnement des mensualit\u00e9s, restitution anticip\u00e9e du mat\u00e9riel, option d\u2019achat\u2026<\/span><\/p><p style=\"text-align: justify;\"><span style=\"font-size: 18pt; font-family: georgia, palatino, serif;\">Le Leasing vous permet de toujours b\u00e9n\u00e9ficier de mat\u00e9riel\u00a0\u00e0 la pointe de la technologie tout en ma\u00eetrisant votre budget.\u00a0\u00a0<\/span><\/p><blockquote><p><span style=\"font-size: 18pt; font-family: georgia, palatino, serif;\"><strong>Exemple<\/strong> :<\/span><\/p><p><span style=\"font-size: 18pt; font-family: georgia, palatino, serif;\"><em>Pour un investissement de 10\u00a0000\u20ac.<\/em><\/span><\/p><p><span style=\"font-size: 18pt; font-family: georgia, palatino, serif;\"><em>Co\u00fbt d\u2019achat direct\u00a0: 10 000\u20ac.<\/em><\/span><\/p><p><span style=\"font-size: 18pt; font-family: georgia, palatino, serif;\"><em>Location LEASIA\u00a0: mensualit\u00e9s de 259\u20ac pendant 48 mois.<\/em><\/span><\/p><\/blockquote><h2>\u00a0<\/h2><h2 style=\"text-align: justify;\"><span style=\"font-size: 18pt; font-family: georgia, palatino, serif;\"><b>Pour qui ?<\/b><\/span><\/h2><p style=\"text-align: justify;\"><span style=\"font-size: 18pt; font-family: georgia, palatino, serif;\">De la TPE au grand groupe, le leasing est un moyen de financement de plus en plus utilis\u00e9.<\/span><\/p><p style=\"text-align: justify;\"><span style=\"font-size: 18pt; font-family: georgia, palatino, serif;\">Sa souplesse et son co\u00fbt r\u00e9pondent \u00e0 un r\u00e9el besoin permettant aux entreprises de pr\u00e9server leur tr\u00e9sorerie pour d\u2019autres projets n\u00e9cessitant un investissement plus important.<\/span><\/p><h3>\u00a0<\/h3><h2 style=\"text-align: justify;\"><span style=\"font-size: 18pt; font-family: georgia, palatino, serif;\"><b>Pour financer quel type d\u2019\u00e9quipement ?<\/b><\/span><\/h2><ul style=\"text-align: justify;\"><li><span style=\"font-size: 18pt; font-family: georgia, palatino, serif;\">Mat\u00e9riel informatique<\/span><\/li><li><span style=\"font-size: 18pt; font-family: georgia, palatino, serif;\">Logiciel<\/span><\/li><li><span style=\"font-size: 18pt; font-family: georgia, palatino, serif;\">CHR<\/span><\/li><li><span style=\"font-size: 18pt; font-family: georgia, palatino, serif;\">Test et mesure\u00a0<\/span><\/li><li><span style=\"font-size: 18pt; font-family: georgia, palatino, serif;\">Mat\u00e9riel de garage<\/span><\/li><li><span style=\"font-size: 18pt; font-family: georgia, palatino, serif;\">Mat\u00e9riel agricole<\/span><\/li><\/ul><h2>\u00a0<\/h2><h2 style=\"text-align: justify;\"><span style=\"font-size: 18pt; font-family: georgia, palatino, serif;\"><b>Sur quelle dur\u00e9e ?<\/b><\/span><\/h2><p style=\"text-align: justify;\"><span style=\"font-size: 18pt; font-family: georgia, palatino, serif;\">Choisissez votre dur\u00e9e de remboursement et ajustez-la en cours de contrat !<\/span><\/p><p><span style=\"font-size: 18pt; font-family: georgia, palatino, serif;\">[\/vc_column][vc_column width=\u00a0\u00bb1\/6&Prime;][\/vc_column][\/vc_row][vc_row][vc_column width=\u00a0\u00bb1\/6&Prime;][\/vc_column][vc_column width=\u00a0\u00bb2\/3&Prime;][vc_row_inner][vc_column_inner width=\u00a0\u00bb1\/2&Prime;][vc_btn title=\u00a0\u00bbNous contacter\u00a0\u00bb style=\u00a0\u00bb3d\u00a0\u00bb color=\u00a0\u00bbwarning\u00a0\u00bb size=\u00a0\u00bblg\u00a0\u00bb align=\u00a0\u00bbcenter\u00a0\u00bb link=\u00a0\u00bburl:http%3A%2F%2Fwww.leasia.fr%2F%3Fpage_id%3D5025|||\u00a0\u00bb][\/vc_column_inner][vc_column_inner width=\u00a0\u00bb1\/2&Prime;][vc_btn title=\u00a0\u00bbAcc\u00e9der au simulateur\u00a0\u00bb style=\u00a0\u00bb3d\u00a0\u00bb color=\u00a0\u00bbwarning\u00a0\u00bb size=\u00a0\u00bblg\u00a0\u00bb align=\u00a0\u00bbcenter\u00a0\u00bb link=\u00a0\u00bburl:http%3A%2F%2Fwww.leasia.fr%2Fweb%2F%23|||\u00a0\u00bb][\/vc_column_inner][\/vc_row_inner][\/vc_column][vc_column width=\u00a0\u00bb1\/6&Prime;][\/vc_column][\/vc_row]<\/span><\/p>\t\t\t\t\t\t\t\t<\/div>\n\t\t\t\t<\/div>\n\t\t\t\t\t<\/div>\n\t\t<\/div>\n\t\t\t\t\t<\/div>\n\t\t<\/section>\n\t\t\t\t<\/div>\n\t\t","protected":false},"excerpt":{"rendered":"<p>[vc_row][vc_column width=\u00a0\u00bb1\/6&Prime;][\/vc_column][vc_column width=\u00a0\u00bb2\/3&Prime;][vc_column_text] Le leasing [vc_separator color=\u00a0\u00bborange\u00a0\u00bb style=\u00a0\u00bbshadow\u00a0\u00bb el_width=\u00a0\u00bb40&Prime;][vc_empty_space][\/vc_column][vc_column width=\u00a0\u00bb1\/6&Prime;][\/vc_column][\/vc_row][vc_row][vc_column width=\u00a0\u00bb1\/6&Prime;][\/vc_column][vc_column width=\u00a0\u00bb2\/3&Prime;][vc_column_text] D\u00e9finition Le leasing est un contrat de location \u00e0 dur\u00e9e d\u00e9termin\u00e9e, qui permet \u00e0 une entreprise l\u2019utilisation du\/des mat\u00e9riels pendant une p\u00e9riode d\u00e9finie. [\/vc_column_text][vc_empty_space] Le leasing, en d\u00e9tail\u00a0 C\u2019est actuellement la technique de financement la plus pris\u00e9e. Il s\u2019agit d\u2019une forme de location [&hellip;]<\/p>\n","protected":false},"author":1,"featured_media":0,"parent":0,"menu_order":0,"comment_status":"closed","ping_status":"closed","template":"","meta":{"jetpack_post_was_ever_published":false,"footnotes":""},"class_list":["post-5161","page","type-page","status-publish","hentry"],"yoast_head":"<!-- This site is optimized with the Yoast SEO plugin v27.1.1 - https:\/\/yoast.com\/product\/yoast-seo-wordpress\/ -->\n<title>Leasing : avantages et inconv\u00e9nients | Leasia finance vos \u00e9quipements<\/title>\n<meta name=\"description\" content=\"Le leasing permet aux entreprises de pr\u00e9server leur tr\u00e9sorerie tout en pouvant renouveler leur mat\u00e9riel professionnel. La location se fait de 12 et 60 mois.\" \/>\n<meta name=\"robots\" content=\"index, follow, max-snippet:-1, max-image-preview:large, max-video-preview:-1\" \/>\n<link rel=\"canonical\" href=\"https:\/\/leasia.fr\/?page_id=5161\" \/>\n<meta property=\"og:locale\" content=\"fr_FR\" \/>\n<meta property=\"og:type\" content=\"article\" \/>\n<meta property=\"og:title\" content=\"Leasing : avantages et inconv\u00e9nients | Leasia finance vos \u00e9quipements\" \/>\n<meta property=\"og:description\" content=\"Le leasing permet aux entreprises de pr\u00e9server leur tr\u00e9sorerie tout en pouvant renouveler leur mat\u00e9riel professionnel. La location se fait de 12 et 60 mois.\" \/>\n<meta property=\"og:url\" content=\"https:\/\/leasia.fr\/?page_id=5161\" \/>\n<meta property=\"og:site_name\" content=\"Leasia\" \/>\n<meta property=\"article:publisher\" content=\"https:\/\/www.facebook.com\/LeasiaSAS\/\" \/>\n<meta property=\"article:modified_time\" content=\"2021-01-29T08:47:58+00:00\" \/>\n<meta name=\"twitter:card\" content=\"summary_large_image\" \/>\n<meta name=\"twitter:label1\" content=\"Dur\u00e9e de lecture estim\u00e9e\" \/>\n\t<meta name=\"twitter:data1\" content=\"2 minutes\" \/>\n<script type=\"application\/ld+json\" class=\"yoast-schema-graph\">{\"@context\":\"https:\/\/schema.org\",\"@graph\":[{\"@type\":\"WebPage\",\"@id\":\"https:\/\/leasia.fr\/?page_id=5161\",\"url\":\"https:\/\/leasia.fr\/?page_id=5161\",\"name\":\"Leasing : avantages et inconv\u00e9nients | Leasia finance vos \u00e9quipements\",\"isPartOf\":{\"@id\":\"https:\/\/leasia.fr\/#website\"},\"datePublished\":\"2018-09-27T09:38:52+00:00\",\"dateModified\":\"2021-01-29T08:47:58+00:00\",\"description\":\"Le leasing permet aux entreprises de pr\u00e9server leur tr\u00e9sorerie tout en pouvant renouveler leur mat\u00e9riel professionnel. La location se fait de 12 et 60 mois.\",\"inLanguage\":\"fr-FR\",\"potentialAction\":[{\"@type\":\"ReadAction\",\"target\":[\"https:\/\/leasia.fr\/?page_id=5161\"]}]},{\"@type\":\"WebSite\",\"@id\":\"https:\/\/leasia.fr\/#website\",\"url\":\"https:\/\/leasia.fr\/\",\"name\":\"Leasia\",\"description\":\"Votre partenaire financier\",\"publisher\":{\"@id\":\"https:\/\/leasia.fr\/#organization\"},\"potentialAction\":[{\"@type\":\"SearchAction\",\"target\":{\"@type\":\"EntryPoint\",\"urlTemplate\":\"https:\/\/leasia.fr\/?s={search_term_string}\"},\"query-input\":{\"@type\":\"PropertyValueSpecification\",\"valueRequired\":true,\"valueName\":\"search_term_string\"}}],\"inLanguage\":\"fr-FR\"},{\"@type\":\"Organization\",\"@id\":\"https:\/\/leasia.fr\/#organization\",\"name\":\"Leasia\",\"url\":\"https:\/\/leasia.fr\/\",\"logo\":{\"@type\":\"ImageObject\",\"inLanguage\":\"fr-FR\",\"@id\":\"https:\/\/leasia.fr\/#\/schema\/logo\/image\/\",\"url\":\"https:\/\/i0.wp.com\/leasia.fr\/wp-content\/uploads\/2023\/01\/image005.jpg?fit=45%2C45&ssl=1\",\"contentUrl\":\"https:\/\/i0.wp.com\/leasia.fr\/wp-content\/uploads\/2023\/01\/image005.jpg?fit=45%2C45&ssl=1\",\"width\":45,\"height\":45,\"caption\":\"Leasia\"},\"image\":{\"@id\":\"https:\/\/leasia.fr\/#\/schema\/logo\/image\/\"},\"sameAs\":[\"https:\/\/www.facebook.com\/LeasiaSAS\/\",\"https:\/\/www.linkedin.com\/company\/leasia\/?originalSubdomain=fr\"]}]}<\/script>\n<!-- \/ Yoast SEO plugin. -->","yoast_head_json":{"title":"Leasing : avantages et inconv\u00e9nients | Leasia finance vos \u00e9quipements","description":"Le leasing permet aux entreprises de pr\u00e9server leur tr\u00e9sorerie tout en pouvant renouveler leur mat\u00e9riel professionnel. La location se fait de 12 et 60 mois.","robots":{"index":"index","follow":"follow","max-snippet":"max-snippet:-1","max-image-preview":"max-image-preview:large","max-video-preview":"max-video-preview:-1"},"canonical":"https:\/\/leasia.fr\/?page_id=5161","og_locale":"fr_FR","og_type":"article","og_title":"Leasing : avantages et inconv\u00e9nients | Leasia finance vos \u00e9quipements","og_description":"Le leasing permet aux entreprises de pr\u00e9server leur tr\u00e9sorerie tout en pouvant renouveler leur mat\u00e9riel professionnel. La location se fait de 12 et 60 mois.","og_url":"https:\/\/leasia.fr\/?page_id=5161","og_site_name":"Leasia","article_publisher":"https:\/\/www.facebook.com\/LeasiaSAS\/","article_modified_time":"2021-01-29T08:47:58+00:00","twitter_card":"summary_large_image","twitter_misc":{"Dur\u00e9e de lecture estim\u00e9e":"2 minutes"},"schema":{"@context":"https:\/\/schema.org","@graph":[{"@type":"WebPage","@id":"https:\/\/leasia.fr\/?page_id=5161","url":"https:\/\/leasia.fr\/?page_id=5161","name":"Leasing : avantages et inconv\u00e9nients | Leasia finance vos \u00e9quipements","isPartOf":{"@id":"https:\/\/leasia.fr\/#website"},"datePublished":"2018-09-27T09:38:52+00:00","dateModified":"2021-01-29T08:47:58+00:00","description":"Le leasing permet aux entreprises de pr\u00e9server leur tr\u00e9sorerie tout en pouvant renouveler leur mat\u00e9riel professionnel. La location se fait de 12 et 60 mois.","inLanguage":"fr-FR","potentialAction":[{"@type":"ReadAction","target":["https:\/\/leasia.fr\/?page_id=5161"]}]},{"@type":"WebSite","@id":"https:\/\/leasia.fr\/#website","url":"https:\/\/leasia.fr\/","name":"Leasia","description":"Votre partenaire financier","publisher":{"@id":"https:\/\/leasia.fr\/#organization"},"potentialAction":[{"@type":"SearchAction","target":{"@type":"EntryPoint","urlTemplate":"https:\/\/leasia.fr\/?s={search_term_string}"},"query-input":{"@type":"PropertyValueSpecification","valueRequired":true,"valueName":"search_term_string"}}],"inLanguage":"fr-FR"},{"@type":"Organization","@id":"https:\/\/leasia.fr\/#organization","name":"Leasia","url":"https:\/\/leasia.fr\/","logo":{"@type":"ImageObject","inLanguage":"fr-FR","@id":"https:\/\/leasia.fr\/#\/schema\/logo\/image\/","url":"https:\/\/i0.wp.com\/leasia.fr\/wp-content\/uploads\/2023\/01\/image005.jpg?fit=45%2C45&ssl=1","contentUrl":"https:\/\/i0.wp.com\/leasia.fr\/wp-content\/uploads\/2023\/01\/image005.jpg?fit=45%2C45&ssl=1","width":45,"height":45,"caption":"Leasia"},"image":{"@id":"https:\/\/leasia.fr\/#\/schema\/logo\/image\/"},"sameAs":["https:\/\/www.facebook.com\/LeasiaSAS\/","https:\/\/www.linkedin.com\/company\/leasia\/?originalSubdomain=fr"]}]}},"jetpack_shortlink":"https:\/\/wp.me\/P9IR2y-1lf","jetpack_sharing_enabled":true,"_links":{"self":[{"href":"https:\/\/leasia.fr\/index.php?rest_route=\/wp\/v2\/pages\/5161","targetHints":{"allow":["GET"]}}],"collection":[{"href":"https:\/\/leasia.fr\/index.php?rest_route=\/wp\/v2\/pages"}],"about":[{"href":"https:\/\/leasia.fr\/index.php?rest_route=\/wp\/v2\/types\/page"}],"author":[{"embeddable":true,"href":"https:\/\/leasia.fr\/index.php?rest_route=\/wp\/v2\/users\/1"}],"replies":[{"embeddable":true,"href":"https:\/\/leasia.fr\/index.php?rest_route=%2Fwp%2Fv2%2Fcomments&post=5161"}],"version-history":[{"count":29,"href":"https:\/\/leasia.fr\/index.php?rest_route=\/wp\/v2\/pages\/5161\/revisions"}],"predecessor-version":[{"id":6026,"href":"https:\/\/leasia.fr\/index.php?rest_route=\/wp\/v2\/pages\/5161\/revisions\/6026"}],"wp:attachment":[{"href":"https:\/\/leasia.fr\/index.php?rest_route=%2Fwp%2Fv2%2Fmedia&parent=5161"}],"curies":[{"name":"wp","href":"https:\/\/api.w.org\/{rel}","templated":true}]}}