{"id":6175,"date":"2022-06-09T15:49:39","date_gmt":"2022-06-09T13:49:39","guid":{"rendered":"https:\/\/leasia.fr\/?page_id=6175"},"modified":"2024-10-16T17:23:26","modified_gmt":"2024-10-16T15:23:26","slug":"la-location-financiere","status":"publish","type":"page","link":"https:\/\/leasia.fr\/?page_id=6175","title":{"rendered":"La location financi\u00e8re"},"content":{"rendered":"\t\t<div data-elementor-type=\"wp-page\" data-elementor-id=\"6175\" class=\"elementor elementor-6175\" data-elementor-post-type=\"page\">\n\t\t\t\t\t\t<section class=\"elementor-section elementor-top-section elementor-element elementor-element-1b131486 elementor-section-height-min-height elementor-section-items-stretch elementor-section-content-bottom elementor-reverse-tablet elementor-section-boxed elementor-section-height-default\" data-id=\"1b131486\" data-element_type=\"section\" data-e-type=\"section\" data-settings=\"{&quot;background_background&quot;:&quot;classic&quot;}\">\n\t\t\t\t\t\t<div class=\"elementor-container elementor-column-gap-no\">\n\t\t\t\t\t<div class=\"elementor-column elementor-col-50 elementor-top-column elementor-element elementor-element-4bab5d20\" data-id=\"4bab5d20\" data-element_type=\"column\" data-e-type=\"column\">\n\t\t\t<div class=\"elementor-widget-wrap\">\n\t\t\t\t\t\t\t<\/div>\n\t\t<\/div>\n\t\t\t\t<div class=\"elementor-column elementor-col-50 elementor-top-column elementor-element elementor-element-d8078d9\" data-id=\"d8078d9\" data-element_type=\"column\" data-e-type=\"column\" data-settings=\"{&quot;background_background&quot;:&quot;classic&quot;}\">\n\t\t\t<div class=\"elementor-widget-wrap elementor-element-populated\">\n\t\t\t\t\t\t<div class=\"elementor-element elementor-element-2c5a7d81 elementor-invisible elementor-widget elementor-widget-heading\" data-id=\"2c5a7d81\" data-element_type=\"widget\" data-e-type=\"widget\" data-settings=\"{&quot;_animation&quot;:&quot;fadeInUp&quot;,&quot;_animation_delay&quot;:200}\" data-widget_type=\"heading.default\">\n\t\t\t\t<div class=\"elementor-widget-container\">\n\t\t\t\t\t<h1 class=\"elementor-heading-title elementor-size-default\"><b>La location financi\u00e8re<\/b><\/h1>\t\t\t\t<\/div>\n\t\t\t\t<\/div>\n\t\t\t\t<div class=\"elementor-element elementor-element-9443ded elementor-invisible elementor-widget elementor-widget-text-editor\" data-id=\"9443ded\" data-element_type=\"widget\" data-e-type=\"widget\" data-settings=\"{&quot;_animation&quot;:&quot;fadeInUp&quot;,&quot;_animation_delay&quot;:400}\" data-widget_type=\"text-editor.default\">\n\t\t\t\t<div class=\"elementor-widget-container\">\n\t\t\t\t\t\t\t\t\t<p>La location financi\u00e8re est un contrat qui permet \u00e0 n\u2019importe qu\u2019elle structure (De la TPE au grand groupe) de mettre \u00e0 disposition de son client, des biens d\u2019\u00e9quipement dans le seul but de leur utilisation. Elle n\u2019est pas destin\u00e9e \u00e0 financer des biens devant, \u00e0 terme, figurer dans le patrimoine du locataire.<\/p><p>La location financi\u00e8re est d\u00e9finie par une dur\u00e9e de location, une p\u00e9riodicit\u00e9, le montant d\u2019un loyer et le ou les biens d\u2019\u00e9quipement. En r\u00e8gle g\u00e9n\u00e9rale, le contrat pr\u00e9cise la valeur d\u2019assurance du bien lou\u00e9.<\/p>\t\t\t\t\t\t\t\t<\/div>\n\t\t\t\t<\/div>\n\t\t\t\t<div class=\"elementor-element elementor-element-3cf97e0 elementor-widget__width-initial elementor-widget-tablet__width-inherit elementor-widget-mobile__width-inherit elementor-absolute elementor-widget elementor-widget-spacer\" data-id=\"3cf97e0\" data-element_type=\"widget\" data-e-type=\"widget\" data-settings=\"{&quot;_position&quot;:&quot;absolute&quot;}\" data-widget_type=\"spacer.default\">\n\t\t\t\t<div class=\"elementor-widget-container\">\n\t\t\t\t\t\t\t<div class=\"elementor-spacer\">\n\t\t\t<div class=\"elementor-spacer-inner\"><\/div>\n\t\t<\/div>\n\t\t\t\t\t\t<\/div>\n\t\t\t\t<\/div>\n\t\t\t\t\t<\/div>\n\t\t<\/div>\n\t\t\t\t\t<\/div>\n\t\t<\/section>\n\t\t\t\t<section class=\"elementor-section elementor-top-section elementor-element elementor-element-18fde500 elementor-section-height-min-height elementor-section-items-stretch elementor-section-content-middle elementor-section-boxed elementor-section-height-default\" data-id=\"18fde500\" data-element_type=\"section\" data-e-type=\"section\" data-settings=\"{&quot;background_background&quot;:&quot;classic&quot;}\">\n\t\t\t\t\t\t<div class=\"elementor-container elementor-column-gap-no\">\n\t\t\t\t\t<div class=\"elementor-column elementor-col-100 elementor-top-column elementor-element elementor-element-3f1e4629\" data-id=\"3f1e4629\" data-element_type=\"column\" data-e-type=\"column\" data-settings=\"{&quot;background_background&quot;:&quot;classic&quot;}\">\n\t\t\t<div class=\"elementor-widget-wrap elementor-element-populated\">\n\t\t\t\t\t\t<div class=\"elementor-element elementor-element-73bf9c06 elementor-invisible elementor-widget elementor-widget-heading\" data-id=\"73bf9c06\" data-element_type=\"widget\" data-e-type=\"widget\" data-settings=\"{&quot;_animation&quot;:&quot;fadeIn&quot;,&quot;_animation_delay&quot;:400}\" data-widget_type=\"heading.default\">\n\t\t\t\t<div class=\"elementor-widget-container\">\n\t\t\t\t\t<h2 class=\"elementor-heading-title elementor-size-small\"><b>L' accompagnement  chez Leasia<\/b><\/h2>\t\t\t\t<\/div>\n\t\t\t\t<\/div>\n\t\t\t\t<div class=\"elementor-element elementor-element-771c7e97 elementor-invisible elementor-widget elementor-widget-text-editor\" data-id=\"771c7e97\" data-element_type=\"widget\" data-e-type=\"widget\" data-settings=\"{&quot;_animation&quot;:&quot;fadeIn&quot;,&quot;_animation_delay&quot;:600}\" data-widget_type=\"text-editor.default\">\n\t\t\t\t<div class=\"elementor-widget-container\">\n\t\t\t\t\t\t\t\t\t<p>Chez LEASIA, nous vous accompagnons dans ce sens en vous permettant de proposer \u00e0 votre client la location financi\u00e8re. Vos clients pourront b\u00e9n\u00e9ficier de mat\u00e9riel \u00e0 la pointe de la technologie tout en ma\u00eetrisant votre budget.\u00a0\u00a0<\/p>\t\t\t\t\t\t\t\t<\/div>\n\t\t\t\t<\/div>\n\t\t\t\t<div class=\"elementor-element elementor-element-615984df elementor-invisible elementor-widget elementor-widget-text-editor\" data-id=\"615984df\" data-element_type=\"widget\" data-e-type=\"widget\" data-settings=\"{&quot;_animation&quot;:&quot;fadeIn&quot;,&quot;_animation_delay&quot;:600}\" data-widget_type=\"text-editor.default\">\n\t\t\t\t<div class=\"elementor-widget-container\">\n\t\t\t\t\t\t\t\t\t<p>Par Exemple :<\/p><ul><li>Pour un investissement de 10 000\u20ac.<\/li><li>Co\u00fbt d\u2019achat direct : 10 000\u20ac.<\/li><li>Location LEASIA : mensualit\u00e9s de 259\u20ac pendant 48 mois.<\/li><\/ul>\t\t\t\t\t\t\t\t<\/div>\n\t\t\t\t<\/div>\n\t\t\t\t\t<\/div>\n\t\t<\/div>\n\t\t\t\t\t<\/div>\n\t\t<\/section>\n\t\t\t\t<section class=\"elementor-section elementor-top-section elementor-element elementor-element-34c9d5fa elementor-section-full_width elementor-section-height-min-height elementor-section-items-stretch elementor-section-content-middle elementor-section-height-default\" data-id=\"34c9d5fa\" data-element_type=\"section\" data-e-type=\"section\">\n\t\t\t\t\t\t<div class=\"elementor-container elementor-column-gap-no\">\n\t\t\t\t\t<div class=\"elementor-column elementor-col-100 elementor-top-column elementor-element elementor-element-5d77a008\" data-id=\"5d77a008\" data-element_type=\"column\" data-e-type=\"column\">\n\t\t\t<div class=\"elementor-widget-wrap elementor-element-populated\">\n\t\t\t\t\t\t<div class=\"elementor-element elementor-element-4b3a4236 elementor-widget__width-auto elementor-absolute elementor-invisible elementor-widget elementor-widget-image\" data-id=\"4b3a4236\" data-element_type=\"widget\" data-e-type=\"widget\" data-settings=\"{&quot;_animation&quot;:&quot;slideInLeft&quot;,&quot;_position&quot;:&quot;absolute&quot;}\" data-widget_type=\"image.default\">\n\t\t\t\t<div class=\"elementor-widget-container\">\n\t\t\t\t\t\t\t\t\t\t\t\t\t\t\t<img fetchpriority=\"high\" decoding=\"async\" data-attachment-id=\"5302\" data-permalink=\"https:\/\/leasia.fr\/?attachment_id=5302\" data-orig-file=\"https:\/\/i0.wp.com\/leasia.fr\/wp-content\/uploads\/2018\/10\/our-team.png?fit=2048%2C1381&amp;ssl=1\" data-orig-size=\"2048,1381\" data-comments-opened=\"0\" data-image-meta=\"{&quot;aperture&quot;:&quot;0&quot;,&quot;credit&quot;:&quot;&quot;,&quot;camera&quot;:&quot;&quot;,&quot;caption&quot;:&quot;&quot;,&quot;created_timestamp&quot;:&quot;0&quot;,&quot;copyright&quot;:&quot;&quot;,&quot;focal_length&quot;:&quot;0&quot;,&quot;iso&quot;:&quot;0&quot;,&quot;shutter_speed&quot;:&quot;0&quot;,&quot;title&quot;:&quot;&quot;,&quot;orientation&quot;:&quot;0&quot;}\" data-image-title=\"Notre \u00e9quipe\" data-image-description=\"\" data-image-caption=\"\" data-large-file=\"https:\/\/i0.wp.com\/leasia.fr\/wp-content\/uploads\/2018\/10\/our-team.png?fit=800%2C540&amp;ssl=1\" width=\"2048\" height=\"1381\" src=\"https:\/\/i0.wp.com\/leasia.fr\/wp-content\/uploads\/2018\/10\/our-team.png?fit=2048%2C1381&amp;ssl=1\" class=\"attachment-full size-full wp-image-5302\" alt=\"\" srcset=\"https:\/\/i0.wp.com\/leasia.fr\/wp-content\/uploads\/2018\/10\/our-team.png?w=2048&amp;ssl=1 2048w, https:\/\/i0.wp.com\/leasia.fr\/wp-content\/uploads\/2018\/10\/our-team.png?resize=300%2C202&amp;ssl=1 300w, https:\/\/i0.wp.com\/leasia.fr\/wp-content\/uploads\/2018\/10\/our-team.png?resize=768%2C518&amp;ssl=1 768w, https:\/\/i0.wp.com\/leasia.fr\/wp-content\/uploads\/2018\/10\/our-team.png?resize=1024%2C691&amp;ssl=1 1024w, https:\/\/i0.wp.com\/leasia.fr\/wp-content\/uploads\/2018\/10\/our-team.png?resize=272%2C182&amp;ssl=1 272w, https:\/\/i0.wp.com\/leasia.fr\/wp-content\/uploads\/2018\/10\/our-team.png?w=1600 1600w\" sizes=\"(max-width: 800px) 100vw, 800px\" data-attachment-id=\"5302\" data-permalink=\"https:\/\/leasia.fr\/?attachment_id=5302\" data-orig-file=\"https:\/\/i0.wp.com\/leasia.fr\/wp-content\/uploads\/2018\/10\/our-team.png?fit=2048%2C1381&amp;ssl=1\" data-orig-size=\"2048,1381\" data-comments-opened=\"0\" data-image-meta=\"{&quot;aperture&quot;:&quot;0&quot;,&quot;credit&quot;:&quot;&quot;,&quot;camera&quot;:&quot;&quot;,&quot;caption&quot;:&quot;&quot;,&quot;created_timestamp&quot;:&quot;0&quot;,&quot;copyright&quot;:&quot;&quot;,&quot;focal_length&quot;:&quot;0&quot;,&quot;iso&quot;:&quot;0&quot;,&quot;shutter_speed&quot;:&quot;0&quot;,&quot;title&quot;:&quot;&quot;,&quot;orientation&quot;:&quot;0&quot;}\" data-image-title=\"Notre \u00e9quipe\" data-image-description=\"\" data-image-caption=\"\" data-large-file=\"https:\/\/i0.wp.com\/leasia.fr\/wp-content\/uploads\/2018\/10\/our-team.png?fit=800%2C540&amp;ssl=1\" \/>\t\t\t\t\t\t\t\t\t\t\t\t\t\t\t<\/div>\n\t\t\t\t<\/div>\n\t\t\t\t<section class=\"elementor-section elementor-inner-section elementor-element elementor-element-3bc00f30 elementor-section-height-min-height elementor-section-content-middle elementor-section-boxed elementor-section-height-default\" data-id=\"3bc00f30\" data-element_type=\"section\" data-e-type=\"section\" data-settings=\"{&quot;background_background&quot;:&quot;classic&quot;}\">\n\t\t\t\t\t\t<div class=\"elementor-container elementor-column-gap-no\">\n\t\t\t\t\t<div class=\"elementor-column elementor-col-100 elementor-inner-column elementor-element elementor-element-5df4346e\" data-id=\"5df4346e\" data-element_type=\"column\" data-e-type=\"column\">\n\t\t\t<div class=\"elementor-widget-wrap elementor-element-populated\">\n\t\t\t\t\t\t<div class=\"elementor-element elementor-element-40f61d4b elementor-invisible elementor-widget elementor-widget-heading\" data-id=\"40f61d4b\" data-element_type=\"widget\" data-e-type=\"widget\" data-settings=\"{&quot;_animation&quot;:&quot;fadeIn&quot;}\" data-widget_type=\"heading.default\">\n\t\t\t\t<div class=\"elementor-widget-container\">\n\t\t\t\t\t<h2 class=\"elementor-heading-title elementor-size-default\"><b>Pour financer quel type d\u2019\u00e9quipement ?<\/b><\/h2>\t\t\t\t<\/div>\n\t\t\t\t<\/div>\n\t\t\t\t<div class=\"elementor-element elementor-element-56009f6a elementor-invisible elementor-widget elementor-widget-text-editor\" data-id=\"56009f6a\" data-element_type=\"widget\" data-e-type=\"widget\" data-settings=\"{&quot;_animation&quot;:&quot;fadeIn&quot;,&quot;_animation_delay&quot;:200}\" data-widget_type=\"text-editor.default\">\n\t\t\t\t<div class=\"elementor-widget-container\">\n\t\t\t\t\t\t\t\t\t<ul>\n<li>Mat\u00e9riel informatique<\/li>\n<li>Logiciel<\/li>\n<li>CHR<\/li>\n<li>Test et mesure<\/li>\n<li>Mat\u00e9riel de garage<\/li>\n<li>Mat\u00e9riel agricole<\/li><\/ul>\n<div>&nbsp;<\/div>\t\t\t\t\t\t\t\t<\/div>\n\t\t\t\t<\/div>\n\t\t\t\t\t<\/div>\n\t\t<\/div>\n\t\t\t\t\t<\/div>\n\t\t<\/section>\n\t\t\t\t\t<\/div>\n\t\t<\/div>\n\t\t\t\t\t<\/div>\n\t\t<\/section>\n\t\t\t\t<section class=\"elementor-section elementor-top-section elementor-element elementor-element-32cc6127 elementor-section-boxed elementor-section-height-default elementor-section-height-default\" data-id=\"32cc6127\" data-element_type=\"section\" data-e-type=\"section\" data-settings=\"{&quot;background_background&quot;:&quot;gradient&quot;}\">\n\t\t\t\t\t\t\t<div class=\"elementor-background-overlay\"><\/div>\n\t\t\t\t\t\t\t<div class=\"elementor-container elementor-column-gap-default\">\n\t\t\t\t\t<div class=\"elementor-column elementor-col-100 elementor-top-column elementor-element elementor-element-8d0e68d\" data-id=\"8d0e68d\" data-element_type=\"column\" data-e-type=\"column\">\n\t\t\t<div class=\"elementor-widget-wrap elementor-element-populated\">\n\t\t\t\t\t\t<div class=\"elementor-element elementor-element-50207a18 elementor-cta--layout-image-above elementor-cta--skin-classic elementor-animated-content elementor-bg-transform elementor-bg-transform-zoom-in elementor-invisible elementor-widget elementor-widget-call-to-action\" data-id=\"50207a18\" data-element_type=\"widget\" data-e-type=\"widget\" data-settings=\"{&quot;_animation&quot;:&quot;fadeIn&quot;}\" data-widget_type=\"call-to-action.default\">\n\t\t\t\t<div class=\"elementor-widget-container\">\n\t\t\t\t\t\t\t<div class=\"elementor-cta\">\n\t\t\t\t\t\t\t<div class=\"elementor-cta__content\">\n\t\t\t\t\n\t\t\t\t\t\t\t\t\t<h2 class=\"elementor-cta__title elementor-cta__content-item elementor-content-item\">\n\t\t\t\t\t\tR\u00e9aliser une simulation de financement de votre mat\u00e9riel d\u00e8s maintenant !\t\t\t\t\t<\/h2>\n\t\t\t\t\n\t\t\t\t\t\t\t\t\t<div class=\"elementor-cta__description elementor-cta__content-item elementor-content-item\">\n\t\t\t\t\t\tAcc\u00e9der au simulateur Leasia\t\t\t\t\t<\/div>\n\t\t\t\t\n\t\t\t\t\t\t\t\t\t<div class=\"elementor-cta__button-wrapper elementor-cta__content-item elementor-content-item \">\n\t\t\t\t\t<a class=\"elementor-cta__button elementor-button elementor-size-\" href=\"https:\/\/app.leasia.fr\/\">\n\t\t\t\t\t\tFaire une demande\t\t\t\t\t<\/a>\n\t\t\t\t\t<\/div>\n\t\t\t\t\t\t\t<\/div>\n\t\t\t\t\t\t<\/div>\n\t\t\t\t\t\t<\/div>\n\t\t\t\t<\/div>\n\t\t\t\t\t<\/div>\n\t\t<\/div>\n\t\t\t\t\t<\/div>\n\t\t<\/section>\n\t\t\t\t<\/div>\n\t\t","protected":false},"excerpt":{"rendered":"<p>La location financi\u00e8re La location financi\u00e8re est un contrat qui permet \u00e0 n\u2019importe qu\u2019elle structure (De la TPE au grand groupe) de mettre \u00e0 disposition de son client, des biens d\u2019\u00e9quipement dans le seul but de leur utilisation. Elle n\u2019est pas destin\u00e9e \u00e0 financer des biens devant, \u00e0 terme, figurer dans le patrimoine du locataire. [&hellip;]<\/p>\n","protected":false},"author":1,"featured_media":0,"parent":0,"menu_order":0,"comment_status":"closed","ping_status":"closed","template":"","meta":{"jetpack_post_was_ever_published":false,"footnotes":""},"class_list":["post-6175","page","type-page","status-publish","hentry"],"yoast_head":"<!-- This site is optimized with the Yoast SEO plugin v27.4 - https:\/\/yoast.com\/product\/yoast-seo-wordpress\/ -->\n<title>La location financi\u00e8re - Leasia<\/title>\n<meta name=\"description\" content=\"La location financi\u00e8re est un contrat qui permet ... de mettre \u00e0 disposition de son client, des biens d\u2019\u00e9quipement...\" \/>\n<meta name=\"robots\" content=\"index, follow, max-snippet:-1, max-image-preview:large, max-video-preview:-1\" \/>\n<link rel=\"canonical\" href=\"https:\/\/leasia.fr\/?page_id=6175\" \/>\n<meta property=\"og:locale\" content=\"fr_FR\" \/>\n<meta property=\"og:type\" content=\"article\" \/>\n<meta property=\"og:title\" content=\"La location financi\u00e8re - Leasia\" \/>\n<meta property=\"og:description\" content=\"La location financi\u00e8re est un contrat qui permet ... de mettre \u00e0 disposition de son client, des biens d\u2019\u00e9quipement...\" \/>\n<meta property=\"og:url\" content=\"https:\/\/leasia.fr\/?page_id=6175\" \/>\n<meta property=\"og:site_name\" content=\"Leasia\" \/>\n<meta property=\"article:publisher\" content=\"https:\/\/www.facebook.com\/LeasiaSAS\/\" \/>\n<meta property=\"article:modified_time\" content=\"2024-10-16T15:23:26+00:00\" \/>\n<meta property=\"og:image\" content=\"http:\/\/leasia.fr\/wp-content\/uploads\/2018\/10\/our-team.png\" \/>\n<meta name=\"twitter:card\" content=\"summary_large_image\" \/>\n<meta name=\"twitter:label1\" content=\"Dur\u00e9e de lecture estim\u00e9e\" \/>\n\t<meta name=\"twitter:data1\" content=\"2 minutes\" \/>\n<script type=\"application\/ld+json\" class=\"yoast-schema-graph\">{\"@context\":\"https:\\\/\\\/schema.org\",\"@graph\":[{\"@type\":\"WebPage\",\"@id\":\"https:\\\/\\\/leasia.fr\\\/?page_id=6175\",\"url\":\"https:\\\/\\\/leasia.fr\\\/?page_id=6175\",\"name\":\"La location financi\u00e8re - Leasia\",\"isPartOf\":{\"@id\":\"https:\\\/\\\/leasia.fr\\\/#website\"},\"primaryImageOfPage\":{\"@id\":\"https:\\\/\\\/leasia.fr\\\/?page_id=6175#primaryimage\"},\"image\":{\"@id\":\"https:\\\/\\\/leasia.fr\\\/?page_id=6175#primaryimage\"},\"thumbnailUrl\":\"http:\\\/\\\/leasia.fr\\\/wp-content\\\/uploads\\\/2018\\\/10\\\/our-team.png\",\"datePublished\":\"2022-06-09T13:49:39+00:00\",\"dateModified\":\"2024-10-16T15:23:26+00:00\",\"description\":\"La location financi\u00e8re est un contrat qui permet ... de mettre \u00e0 disposition de son client, des biens d\u2019\u00e9quipement...\",\"inLanguage\":\"fr-FR\",\"potentialAction\":[{\"@type\":\"ReadAction\",\"target\":[\"https:\\\/\\\/leasia.fr\\\/?page_id=6175\"]}]},{\"@type\":\"ImageObject\",\"inLanguage\":\"fr-FR\",\"@id\":\"https:\\\/\\\/leasia.fr\\\/?page_id=6175#primaryimage\",\"url\":\"https:\\\/\\\/i0.wp.com\\\/leasia.fr\\\/wp-content\\\/uploads\\\/2018\\\/10\\\/our-team.png?fit=2048%2C1381&ssl=1\",\"contentUrl\":\"https:\\\/\\\/i0.wp.com\\\/leasia.fr\\\/wp-content\\\/uploads\\\/2018\\\/10\\\/our-team.png?fit=2048%2C1381&ssl=1\",\"width\":2048,\"height\":1381},{\"@type\":\"WebSite\",\"@id\":\"https:\\\/\\\/leasia.fr\\\/#website\",\"url\":\"https:\\\/\\\/leasia.fr\\\/\",\"name\":\"Leasia\",\"description\":\"Votre partenaire financier\",\"publisher\":{\"@id\":\"https:\\\/\\\/leasia.fr\\\/#organization\"},\"potentialAction\":[{\"@type\":\"SearchAction\",\"target\":{\"@type\":\"EntryPoint\",\"urlTemplate\":\"https:\\\/\\\/leasia.fr\\\/?s={search_term_string}\"},\"query-input\":{\"@type\":\"PropertyValueSpecification\",\"valueRequired\":true,\"valueName\":\"search_term_string\"}}],\"inLanguage\":\"fr-FR\"},{\"@type\":\"Organization\",\"@id\":\"https:\\\/\\\/leasia.fr\\\/#organization\",\"name\":\"Leasia\",\"url\":\"https:\\\/\\\/leasia.fr\\\/\",\"logo\":{\"@type\":\"ImageObject\",\"inLanguage\":\"fr-FR\",\"@id\":\"https:\\\/\\\/leasia.fr\\\/#\\\/schema\\\/logo\\\/image\\\/\",\"url\":\"https:\\\/\\\/i0.wp.com\\\/leasia.fr\\\/wp-content\\\/uploads\\\/2023\\\/01\\\/image005.jpg?fit=45%2C45&ssl=1\",\"contentUrl\":\"https:\\\/\\\/i0.wp.com\\\/leasia.fr\\\/wp-content\\\/uploads\\\/2023\\\/01\\\/image005.jpg?fit=45%2C45&ssl=1\",\"width\":45,\"height\":45,\"caption\":\"Leasia\"},\"image\":{\"@id\":\"https:\\\/\\\/leasia.fr\\\/#\\\/schema\\\/logo\\\/image\\\/\"},\"sameAs\":[\"https:\\\/\\\/www.facebook.com\\\/LeasiaSAS\\\/\",\"https:\\\/\\\/www.linkedin.com\\\/company\\\/leasia\\\/?originalSubdomain=fr\"]}]}<\/script>\n<!-- \/ Yoast SEO plugin. -->","yoast_head_json":{"title":"La location financi\u00e8re - Leasia","description":"La location financi\u00e8re est un contrat qui permet ... de mettre \u00e0 disposition de son client, des biens d\u2019\u00e9quipement...","robots":{"index":"index","follow":"follow","max-snippet":"max-snippet:-1","max-image-preview":"max-image-preview:large","max-video-preview":"max-video-preview:-1"},"canonical":"https:\/\/leasia.fr\/?page_id=6175","og_locale":"fr_FR","og_type":"article","og_title":"La location financi\u00e8re - Leasia","og_description":"La location financi\u00e8re est un contrat qui permet ... de mettre \u00e0 disposition de son client, des biens d\u2019\u00e9quipement...","og_url":"https:\/\/leasia.fr\/?page_id=6175","og_site_name":"Leasia","article_publisher":"https:\/\/www.facebook.com\/LeasiaSAS\/","article_modified_time":"2024-10-16T15:23:26+00:00","og_image":[{"url":"http:\/\/leasia.fr\/wp-content\/uploads\/2018\/10\/our-team.png","type":"","width":"","height":""}],"twitter_card":"summary_large_image","twitter_misc":{"Dur\u00e9e de lecture estim\u00e9e":"2 minutes"},"schema":{"@context":"https:\/\/schema.org","@graph":[{"@type":"WebPage","@id":"https:\/\/leasia.fr\/?page_id=6175","url":"https:\/\/leasia.fr\/?page_id=6175","name":"La location financi\u00e8re - Leasia","isPartOf":{"@id":"https:\/\/leasia.fr\/#website"},"primaryImageOfPage":{"@id":"https:\/\/leasia.fr\/?page_id=6175#primaryimage"},"image":{"@id":"https:\/\/leasia.fr\/?page_id=6175#primaryimage"},"thumbnailUrl":"http:\/\/leasia.fr\/wp-content\/uploads\/2018\/10\/our-team.png","datePublished":"2022-06-09T13:49:39+00:00","dateModified":"2024-10-16T15:23:26+00:00","description":"La location financi\u00e8re est un contrat qui permet ... de mettre \u00e0 disposition de son client, des biens d\u2019\u00e9quipement...","inLanguage":"fr-FR","potentialAction":[{"@type":"ReadAction","target":["https:\/\/leasia.fr\/?page_id=6175"]}]},{"@type":"ImageObject","inLanguage":"fr-FR","@id":"https:\/\/leasia.fr\/?page_id=6175#primaryimage","url":"https:\/\/i0.wp.com\/leasia.fr\/wp-content\/uploads\/2018\/10\/our-team.png?fit=2048%2C1381&ssl=1","contentUrl":"https:\/\/i0.wp.com\/leasia.fr\/wp-content\/uploads\/2018\/10\/our-team.png?fit=2048%2C1381&ssl=1","width":2048,"height":1381},{"@type":"WebSite","@id":"https:\/\/leasia.fr\/#website","url":"https:\/\/leasia.fr\/","name":"Leasia","description":"Votre partenaire financier","publisher":{"@id":"https:\/\/leasia.fr\/#organization"},"potentialAction":[{"@type":"SearchAction","target":{"@type":"EntryPoint","urlTemplate":"https:\/\/leasia.fr\/?s={search_term_string}"},"query-input":{"@type":"PropertyValueSpecification","valueRequired":true,"valueName":"search_term_string"}}],"inLanguage":"fr-FR"},{"@type":"Organization","@id":"https:\/\/leasia.fr\/#organization","name":"Leasia","url":"https:\/\/leasia.fr\/","logo":{"@type":"ImageObject","inLanguage":"fr-FR","@id":"https:\/\/leasia.fr\/#\/schema\/logo\/image\/","url":"https:\/\/i0.wp.com\/leasia.fr\/wp-content\/uploads\/2023\/01\/image005.jpg?fit=45%2C45&ssl=1","contentUrl":"https:\/\/i0.wp.com\/leasia.fr\/wp-content\/uploads\/2023\/01\/image005.jpg?fit=45%2C45&ssl=1","width":45,"height":45,"caption":"Leasia"},"image":{"@id":"https:\/\/leasia.fr\/#\/schema\/logo\/image\/"},"sameAs":["https:\/\/www.facebook.com\/LeasiaSAS\/","https:\/\/www.linkedin.com\/company\/leasia\/?originalSubdomain=fr"]}]}},"jetpack_shortlink":"https:\/\/wp.me\/P9IR2y-1BB","jetpack_sharing_enabled":true,"_links":{"self":[{"href":"https:\/\/leasia.fr\/index.php?rest_route=\/wp\/v2\/pages\/6175","targetHints":{"allow":["GET"]}}],"collection":[{"href":"https:\/\/leasia.fr\/index.php?rest_route=\/wp\/v2\/pages"}],"about":[{"href":"https:\/\/leasia.fr\/index.php?rest_route=\/wp\/v2\/types\/page"}],"author":[{"embeddable":true,"href":"https:\/\/leasia.fr\/index.php?rest_route=\/wp\/v2\/users\/1"}],"replies":[{"embeddable":true,"href":"https:\/\/leasia.fr\/index.php?rest_route=%2Fwp%2Fv2%2Fcomments&post=6175"}],"version-history":[{"count":33,"href":"https:\/\/leasia.fr\/index.php?rest_route=\/wp\/v2\/pages\/6175\/revisions"}],"predecessor-version":[{"id":9364,"href":"https:\/\/leasia.fr\/index.php?rest_route=\/wp\/v2\/pages\/6175\/revisions\/9364"}],"wp:attachment":[{"href":"https:\/\/leasia.fr\/index.php?rest_route=%2Fwp%2Fv2%2Fmedia&parent=6175"}],"curies":[{"name":"wp","href":"https:\/\/api.w.org\/{rel}","templated":true}]}}